 digit of o?
1
Suppose -2*d + 8 - 6 = 0. Let k(j) = j**3 - 3*j**2 + 4*j - 2. Let t be k(d). Suppose t = 8*o - 202 + 2. What is the units digit of o?
5
Suppose 8*f - 11*f = -6. Suppose -f*o = -z - 40, 6*o - 2*o - 80 = -z. Let x = 81 + o. What is the tens digit of x?
0
Suppose -56*g = -421488 - 2120968. What is the tens digit of g?
0
Let j(h) = -7*h**3 - 10*h**2 - 17*h + 80. What is the tens digit of j(-7)?
1
Let i = -31 + 42. Suppose i*o - 22 = -0. Suppose 3*j = 2*b - 209, b + 0*j = -o*j + 115. What is the tens digit of b?
0
Suppose -3*p = 3*x + 11 + 31, -2*x - 4*p - 38 = 0. Let r = 630 - x. What is the tens digit of r?
3
Let f(c) = -c**2 + 5*c + 23. Suppose -9*k + 27 = -36. Let b be f(k). Suppose 12*x = 87 + b. What is the units digit of x?
8
Let l(w) = -12*w + 3*w - 2 - 2*w**3 + 2*w**2 + 6*w + 3*w**3. Let i be l(-3). What is the units digit of (i/(-6) + 0)*354?
8
Suppose 2*u = -16 + 22. Suppose 5 = t, -u*t + 2 = -5*j - 3. Suppose -3*s - 5*k = -209 - 392, j*k = -3*s + 595. What is the hundreds digit of s?
1
Let o(b) = b**3 + 28*b**2 - b - 28. Let g be o(-28). What is the hundreds digit of (-2)/(g - -1 - 330/328)?
3
Suppose 4*w + 3*z - 15634 = 0, -94*w + 11736 = -91*w - 3*z. What is the hundreds digit of w?
9
Let a be (22 - 20) + (1 + 19 - -1). Let i = a - 18. Suppose 0 = -n - 0*h - 2*h + 76, i*n - 445 = 3*h. What is the units digit of n?
6
Suppose -2*t + 58 = 4*l, -2*l = l + 5*t - 54. Let j(c) = -c**3 + 14*c**2 - 8*c - 32. Let s be j(l). Let o = 61 - s. What is the tens digit of o?
2
Suppose -2*g - 5 = 3, o - 3*g = -182. Let s = 30 + o. Let z = -61 - s. What is the tens digit of z?
0
What is the units digit of (-72)/216 + 105995/15?
6
Let t = 21 - 12. Suppose 0 = -111*s + 114*s - t. Suppose -s*q - q = -536. What is the hundreds digit of q?
1
Suppose -21*b + 409*b - 3171341 = 10651159. What is the thousands digit of b?
5
Let y(r) = -1556*r + 1263. What is the tens digit of y(-16)?
5
Let z be 14762/14 - (-9)/(-21). What is the tens digit of z/7 + (-20)/35?
5
Let x(c) = -33*c - 67. Let z(p) = 100*p + 204. Let a(y) = 14*x(y) + 4*z(y). What is the hundreds digit of a(-9)?
4
Let j = -6870 + 13063. What is the hundreds digit of j?
1
Let j = -56037 + 82798. What is the units digit of j?
1
Let g(x) = 25*x - 2472. What is the hundreds digit of g(109)?
2
Let w(o) = -3*o**3 + 2*o**2 - o. Let r be w(1). What is the hundreds digit of (-1293)/(-6) - (-1)/r?
2
Let z = 3205 + 12761. What is the units digit of z?
6
Let x = 663 - 658. Suppose 3*v + 3*g - 2622 = 0, -2*v - x*g + 1177 = -562. What is the units digit of v?
7
What is the tens digit of (65135/(-2))/((-1025)/1230)?
8
Suppose 0*i - 3*i + 3 = 0. Let p(s) = 493*s**3 - s**2 + 6*s - 4. What is the hundreds digit of p(i)?
4
Let f(w) = 6*w**3 - 103*w**2 - 55*w - 9. Let b(o) = 2*o**3 - 35*o**2 - 18*o - 3. Let i(s) = 11*b(s) - 4*f(s). What is the hundreds digit of i(13)?
4
Suppose 3*b = -3*z + 86034, -3*b + 397*z + 86027 = 401*z. What is the hundreds digit of b?
6
Let t(n) = 4*n + 32. Let h be t(-7). What is the units digit of h + 58910/95 - (-18)/(-171)?
4
Let x = 44317 + -9280. What is the tens digit of (12/(-9))/((-68)/x)?
8
Let c(g) = -31*g + 64. Let l be c(5). What is the tens digit of (l/42*44)/(4/(-6))?
4
Let t be (-7)/((-7)/(-15)) + 0/(-1). Let p = 22 + 38. What is the units digit of t/p + 269/4?
7
Let w be (6/(-8))/(3/(-1236)). Let b = 1114 + w. What is the units digit of b?
3
Suppose -5*z - 12*b + 10*b = 1280, 0 = 2*z - 2*b + 526. Let j = z + 1862. What is the hundreds digit of j?
6
Suppose 3*u + 0*u = 5*l - 11, 4*u = 4*l - 4. Suppose 5*c + 4*w - 1940 = 0, -u*w - 374 = -c - w. What is the units digit of c?
4
Suppose -14 = -u + 3*t - 0*t, u = 4*t + 16. Suppose 5*x + 480 = u*x. Suppose -6*l + l + x = 0. What is the units digit of l?
2
Let r be 2/9 - 2508/108. Let w = 111 - r. What is the hundreds digit of 1/(-1) + (w - -28)?
1
What is the units digit of 693287/49 + (5 - (-165)/(-35))?
9
Suppose 0 = -91*k + 92*k - 2. Suppose 95 = -k*w + 3*w - h, 5*w + h - 493 = 0. What is the tens digit of w?
9
Let k(x) be the third derivative of -x**6/120 + x**5/15 - 5*x**4/24 - 2*x**3 - 19*x**2. Let z be k(6). What is the units digit of (2/(-4) - 1)*7144/z?
4
Let u(m) = m**3 + 8*m**2 + 12 + 14*m - 2*m**2 - 5*m. Let f be u(-4). What is the units digit of 100 + (3 - 2)*(-10 + f)?
8
Suppose 2*d = 0, d + 180 = 2*y - 124. Suppose 0 + 3 = -q, 5*s - 532 = -q. Let m = y - s. What is the tens digit of m?
4
Suppose 2*f = -3*s + 3*f - 28, s = -4*f - 5. What is the units digit of 50/(-225) - 749/s?
3
Let y(r) = 40*r**2 - 3*r + 4. Suppose 4*n - 16 = 0, 4*w - 2*n + 5 = 17. What is the hundreds digit of y(w)?
9
Suppose -p - 73*y + 5993 = -68*y, p + 3*y = 5993. What is the tens digit of p?
9
Let t be 1*0*5/(-20). Let i(h) = -7*h**2 - 2*h + 683. What is the units digit of i(t)?
3
Let g(t) = t**2 - 12*t + 31. Let o be g(9). Suppose -2*l + 14 = o*h, -2*l = 3*l - 25. What is the hundreds digit of 6*h/3 + 120?
1
Suppose -100 = 5*h + 2*n, 5*n + 100 = -5*h - 0*n. What is the hundreds digit of 10/8 - (-9 + 15775/h)?
7
Let u(k) = -55*k - 98*k - 36*k + 20*k - 2. What is the hundreds digit of u(-3)?
5
Suppose -95*w + 387 = -86*w. Suppose 0 = w*a - 58520 - 1035. What is the units digit of a?
5
Let v = 298 + -175. Suppose l - 4*l = -v. Let w = l - -73. What is the tens digit of w?
1
What is the hundreds digit of 8 + -7 - (2 - -2) - -232?
2
What is the tens digit of (-85)/(-20) + -5 + (-144298)/(-56)?
7
Let t = -1296 - -1295. Suppose -8 - 12 = -5*r. What is the tens digit of (t + r)/(-6)*-88?
4
Let q(i) be the second derivative of -47*i**3/6 - 19*i**2 + 4*i + 5. What is the tens digit of q(-14)?
2
Suppose 0*v - 7*v = -140. What is the units digit of (-4)/(-10) - (0 - 492/v)?
5
Let f(l) = 371*l**2 + 18*l + 9. What is the units digit of f(-6)?
7
Let f = -10 - -8. Let t = 7 + f. What is the units digit of t/(5/81) + 2?
3
Let i(r) = 4*r**3 - 2*r**2 - r + 4. Let z be i(2). What is the hundreds digit of (0 + 2*37)/(13/z)?
1
Let f = 34204 - 735. What is the thousands digit of f?
3
Let t(z) = 8*z + 311. Let w be t(-37). Suppose -32*r = -w*r - 22610. What is the units digit of r?
0
Suppose 2*t + 6 - 4 = 0. Let n be t/6 - (3 - (-23)/6). Let y = n + 39. What is the units digit of y?
2
Let b(h) = h**2 + 35*h + 83. Let m be b(-17). Let z = 558 + m. What is the hundreds digit of z?
3
Suppose 5*d + z - 286681 = 0, -30 = z - 6*z. What is the tens digit of d?
3
Let f = 7217 + -704. What is the hundreds digit of f?
5
Suppose z + 28435 = 12*z. Suppose 1032 = -4*s + 6*s - 3*q, 5*q + z = 5*s. What is the hundreds digit of s?
5
Let v be ((-33)/(-6))/(2/(-12)). Let i(w) = 18*w**2 + 3*w + 8. Let g be i(-2). Let k = g + v. What is the tens digit of k?
4
Let d = 249 - 228. Suppose 16*s - d*s + 915 = 0. What is the units digit of s?
3
Suppose -39099 + 324909 = 21*l + 9*l. What is the thousands digit of l?
9
Let o(i) = i**3 - 13*i**2 + 2*i - 26. Let g be o(13). Let t(n) = 7*n**2 + 13 + g*n**2 - 6*n**2 + 2*n. What is the tens digit of t(-7)?
4
Let u(i) be the first derivative of 20*i**3/3 + 5*i**2/2 + 10*i - 67. What is the hundreds digit of u(-5)?
4
Suppose -5*r = t + 269 - 4588, 3*r - 2*t - 2594 = 0. Suppose -4974 + r = -10*h. What is the units digit of h?
1
Let w be 1/(((-5)/(-55))/1). Suppose 0 = -s + 3*z - 95, -z = 3*s + 224 + w. What is the units digit of 1*8*(-1580)/s?
8
Let h = -12184 - -23887. What is the ten thousands digit of h?
1
Let i(c) be the third derivative of -c**6/120 + 2*c**5/15 - 11*c**3/6 + c**2. Let q = 3288 + -3282. What is the tens digit of i(q)?
6
Suppose u + 5*n - 12404 = 0, -8*u = -10*u - 5*n + 24793. What is the tens digit of u?
8
Suppose -5*y = 3*c + 3724, -3*y + c + 2982 = -7*y. What is the units digit of (-3 - -3) + 6 - 2*y?
8
Let b(q) = -8437*q - 68. What is the thousands digit of b(-2)?
6
Let m = 4941 + -2775. Suppose 13*i - 10*i - m = 0. What is the units digit of i?
2
Let m = -712 + 1218. Let b = m + -235. What is the tens digit of b?
7
Let d(o) = -o**2 - 142*o + 440. What is the hundreds digit of d(-67)?
4
Let i = 5803 + -2800. What is the units digit of i?
3
Let t(p) = 6*p**2 + 2381 - 14*p - 2365 + 3*p**2. What is the thousands digit of t(-12)?
1
Let p = 139000 - 79919. What is the tens digit of p?
8
Suppose -4*i + 20 = -9*i. What is 